s divided by w(2).
46
Let n = -276653 - -276669. Let u be (-4)/(-14) + (-116)/14. Let w = 55 - u. What is the remainder when w is divided by n?
15
Let f(d) = -3*d**2 - 74*d - 99. Let j = 9 - -38. Calculate the remainder when f(-20) is divided by j.
40
Suppose 0 = 5*y - 6*y + 52. Let h(d) = 274*d + 33. Calculate the remainder when h(1) is divided by y.
47
Let m be 2/(-14) + 330/154. Suppose b - 2*r = 179, 0 = -m*r - 8 - 2. Calculate the remainder when b is divided by 9.
7
Let u(i) = i**3 - 7*i**2 + 14*i - 10. Let q be u(5). Suppose 0 = t + q*t - 77. Calculate the remainder when 33 is divided by t.
5
Let p(b) = 3*b - 13. Let s be p(5). Let x be -6*(0 + 2*s/(-3)). Suppose 4*i = 4, -3*f + x*f - 350 = 5*i. Calculate the remainder when f is divided by 24.
23
Let i(g) = -4*g**3 - 41*g**2 - 22*g - 15. What is the remainder when 943 is divided by i(-10)?
103
Suppose -5*h - 2*i + 296 + 179 = 0, -4*h - 2*i = -382. Let n = h - -83. What is the remainder when n is divided by 36?
32
Let x = 56 - 34. Calculate the remainder when (-8 + 16 - (4 - 168))/2 is divided by x.
20
Suppose -4*p - 19 - 58 = -l, 3*p = -3*l + 186. Let g = 6 + 72. Let u = 101 - g. Calculate the remainder when l is divided by u.
19
Calculate the remainder when -2*2 - (11 + (-11 - 10) + -428) is divided by 17.
9
Let t = 231 + -230. Let a = 140 - t. What is the remainder when a is divided by 4?
3
Let p be 148/52 + 4/26. Suppose c = p*w, -w + 0*w + 13 = 4*c. Calculate the remainder when 73 is divided by (-3 + (-8)/(-1))*(c - 0).
13
Suppose -60 = z - 3*b, 3*z + 0*z - 5*b + 160 = 0. Let v = 4983 + -4894. Calculate the remainder when v is divided by 20/6*z/(-25).
5
Calculate the remainder when (1 + 3)*1 - (1 - (-3445)/(-13)) is divided by 2.
0
Let v be 1/((-100)/102 + 1). Suppose v*f + 370 = 56*f. What is the remainder when f is divided by 15?
14
Suppose -11*s = 20 + 68. What is the remainder when 13 is divided by (-405)/(-60)*s/(-6)?
4
Let a be (-1)/2*-6 - -1. Let u be (3 - 12 - -18) + -9. Suppose -5*b + a*m = -0*m - 288, u = 3*m + 6. Calculate the remainder when b is divided by 29.
27
Suppose 5*s + 1815 = -5*q, -q - 2*q - 1089 = s. Let c = -338 - q. Calculate the remainder when 423 is divided by c.
23
Suppose 7550 = -413*w + 418*w. Let x = 2723 - w. What is the remainder when x is divided by 15?
13
Let p = 16338 - 16125. What is the remainder when p is divided by 89?
35
Suppose 72*p - 3193 = -862 + 3141. Calculate the remainder when p is divided by 1 - (-7)/((-2)/(-2)).
4
Let b(p) = p + 28. Let j(s) = -s - 27. Let v(g) = -4*b(g) - 5*j(g). Calculate the remainder when 77 is divided by v(-7).
13
Suppose 2*l - l + 642 = s, -2*l = 2. Let i = 724 - s. What is the remainder when i is divided by 136/10 + 6/15?
13
Suppose -6*r + 56 = 56. Suppose 0 = -w - 5*p + 9, r = -7*w + 9*w - 3*p - 83. Calculate the remainder when 167 is divided by w.
31
Let m = 78 - -24. Let c = 145 - m. What is the remainder when 255 is divided by c?
40
Suppose 617*v + 81202 = 639*v. What is the remainder when v is divided by 52?
51
Suppose 0 = 6*j - 4*j + 4*y - 54, 5*j - 180 = 5*y. What is the remainder when 2771 is divided by j?
32
Suppose 4*f + u - 1447 = 0, -2*f + 5*u + 585 = -166. Calculate the remainder when f is divided by 8.
3
Suppose 4*n + 20 = 2*i, -74*i - 4*n = -60*i - 396. Calculate the remainder when i is divided by 54/7 + (-2)/(-7).
2
Let b be 6/14 - 8515/(-91). Suppose 2*k + 3*k + b = 2*m, -62 = -m - 5*k. Calculate the remainder when m is divided by 23.
6
What is the remainder when 36177/31 + (-9 - 1) is divided by 61?
59
Suppose -3*r - r = 6*r. Suppose 4*u + 2*x - 114 = r, 108 = 4*u + 3*x - 11. What is the remainder when u is divided by 7?
5
Let z be (42/(-39))/(-7) - (-446)/(-26). Let n(h) = -2*h**2 - 34*h + 30. Calculate the remainder when n(z) is divided by 12.
6
Let l(r) = 49*r - 1. Let p(g) = 3*g**2 - 16*g + 6. Let a(k) = k**2 + 4*k. Let w be a(-5). Let b be p(w). Calculate the remainder when l(b) is divided by 25.
23
Suppose 5*b = h + 244, -4*b - 1017 = 4*h - 161. Let l be ((-16)/(-24))/((-2)/h). Let u = -60 + l. Calculate the remainder when 51 is divided by u.
12
Let l be (17 - 18)/(1*3/(-4023)). Let x = l + -704. Calculate the remainder when x is divided by 40.
37
Let l(u) = u**3 + u**2 - u + 1. Let j be l(4). Let x = -2077 - -2138. Let h = j + x. Calculate the remainder when h is divided by 35.
33
Let q = 248 + -139. Suppose -148 = -l + q. Calculate the remainder when l is divided by 43.
42
Let h(v) = 5*v**2 - 6*v - 1. Let f be h(5). Let b = f - 67. Let y(d) = -d**3 - 12*d**2 + 2*d + 39. What is the remainder when b is divided by y(-12)?
12
Let v(n) = -38*n + 494. What is the remainder when v(-10) is divided by 89?
73
Let y(v) = -48*v - 3685. What is the remainder when 910 is divided by y(-77)?
8
Suppose 4*x - z = 47, 5*x + 2*z = 62 + 26. Calculate the remainder when 7755 is divided by x.
13
Suppose -11*u + 41996 + 6283 = 0. Suppose 0 = -19*i - 2*i + u. Calculate the remainder when i is divided by 7.
6
Suppose 4*n - 30 = -3*f, 2*f - 3*n + 47 = 6*f. Let c = 2949 - 2099. Calculate the remainder when 12/(-10)*c/(-15) is divided by f.
12
Let g(b) = 6*b**2 + 93*b + 281. What is the remainder when 656 is divided by g(-3)?
40
Let j(k) = -7*k**2 - 199*k - 19. Calculate the remainder when 525 is divided by j(-28).
5
Suppose -5*x = 3*z - 253 + 8, 0 = -z - 2*x + 82. What is the remainder when 3039 is divided by z?
79
What is the remainder when 4*47*(-56)/(1344/(-54)) is divided by 32?
7
Let i = 4451 + -3596. What is the remainder when i is divided by 33?
30
Let j = 467 + -587. What is the remainder when (604/(-16))/(15/j) is divided by 16?
14
Let m be 4 - (-8 + 7 - (-17 - 0)). Let h be (1*4/m)/(1/(-6)). What is the remainder when (-25)/2*((-12)/(-15) - h) is divided by 8?
7
Suppose 0 = 18*q + 36, 187 - 34 = l - q. Calculate the remainder when l is divided by 147.
4
Let f be 8/10*1*(36 - 26). Suppose 0 = -f*b + 12*b. Suppose -4*c - 3*l + 16 = 0, 4*c + b*c - 16 = -4*l. What is the remainder when 14 is divided by c?
2
Let f(o) = o**3 - 8*o**2 - 52*o + 186. Calculate the remainder when f(12) is divided by 39.
21
Let k = -31 + 33. Let l(h) = -h - h**2 - 5*h**2 + 9*h**k + 13 - 2*h**2. Calculate the remainder when l(6) is divided by 11.
10
Suppose 0 = 275*g - 388*g + 152663. Calculate the remainder when g is divided by 435.
46
Let p = -11895 + 13283. Calculate the remainder when p is divided by 342.
20
Let i = 44 + -41. Suppose 2*j + 5*a + 43 = i*j, -3*a + 34 = 2*j. Let c = 90 - 49. What is the remainder when c is divided by j?
18
Let z = 16 + -10. Let x be (-7 - -2) + z/(-2). Let i = 0 - x. What is the remainder when 28 is divided by i?
4
Let w = 36 + -20. Let k = w - 16. Calculate the remainder when 14 is divided by (k/3 + -4)/(-1).
2
Let u be -34 - 2 - 4/1. Let m = 137 + u. Let p(j) = 26*j**3 - 2*j**2 + 1. What is the remainder when m is divided by p(1)?
22
Let d(w) = -w**2 - 16*w - 38. Suppose -31*l = -51*l - 120. What is the remainder when 57 is divided by d(l)?
13
Suppose 4*y + 315 = -5*g + 1307, -3*g = -4*y + 960. Calculate the remainder when y is divided by 18.
9
Suppose 0*n = -n - 2*b - 3, -5*b = 2*n + 9. Suppose n*o + 0 = -84. Let r = o + 46. Calculate the remainder when 66 is divided by r.
12
Suppose 4 = 4*x, r + 4*r + 2 = 2*x. Suppose r = -7*g - 13 + 167. Calculate the remainder when 197 is divided by g.
21
What is the remainder when (-7)/(56/(-20456))*(-8)/64*-8 is divided by 9?
1
Let o(k) = -45*k - 9. Let y be o(-3). Suppose y = 3*x + s, s = 5*x + 5*s - 217. Let r(u) = -u**2 + 202. What is the remainder when r(0) is divided by x?
38
Suppose -19*l + 17*l + 750 = 2*r, 7*l = -3*r + 1129. What is the remainder when r is divided by 264?
110
Suppose -3528 = -32*b + 11*b. Suppose 0 = -35*c + 29*c + b. Suppose -z = z - 108. Calculate the remainder when z is divided by c.
26
Suppose -137*g + 2450 + 5359 = 0. Let i(d) = 12*d**2 - 3*d + 1. What is the remainder when i(4) is divided by g?
10
Let l(j) = -26*j + 1337. Calculate the remainder when 9321 is divided by l(49).
60
Let x(v) = 2*v**3 + 33*v**2 + 13*v + 3. Let d be x(-16). Suppose 605 = 16*o - d. Calculate the remainder when 78 is divided by o.
37
Suppose 722 = q - 5*y, -7*y + 5*y = 4*q - 2998. What is the remainder when q is divided by 22?
21
Suppose 221 = -